{"id":1091,"date":"2025-04-08T12:30:30","date_gmt":"2025-04-08T12:30:30","guid":{"rendered":"https:\/\/cms.red-snake-27384.zap.cloud\/?page_id=1091"},"modified":"2025-04-08T13:55:38","modified_gmt":"2025-04-08T13:55:38","slug":"raquettes-a-neige-produits","status":"publish","type":"page","link":"https:\/\/cms.red-snake-27384.zap.cloud\/?page_id=1091","title":{"rendered":"Raquettes \u00e0 neige Produits"},"content":{"rendered":"\n<div class=\"wp-block-columns is-layout-flex wp-container-core-columns-is-layout-9d6595d7 wp-block-columns-is-layout-flex\">\n<div class=\"wp-block-column is-layout-flow wp-block-column-is-layout-flow\">\n<h2 class=\"wp-block-heading has-large-font-size\"><strong>Nutrition de base pour l\u2019endurance en raquettes<\/strong><\/h2>\n\n\n\n<p>La randonn\u00e9e en raquettes est un&nbsp;<strong>sport d\u2019endurance<\/strong>&nbsp;\u2013 tu es souvent actif pendant plusieurs heures, oft auf abgelegenen Wegen. Une&nbsp;<strong>alimentation \u00e9quilibr\u00e9e<\/strong>&nbsp;est donc essentielle, besonders lors de longues sorties.<\/p>\n\n\n\n<p>Pense \u00e0 emporter :<\/p>\n\n\n\n<ul class=\"wp-block-list\">\n<li><strong>Repas chauds ou faciles \u00e0 r\u00e9chauffer<\/strong><\/li>\n\n\n\n<li><strong>Fruits secs, noix, barres de c\u00e9r\u00e9ales<\/strong><\/li>\n\n\n\n<li>Et surtout :&nbsp;<strong>beaucoup d\u2019eau<\/strong>&nbsp;ou des boissons l\u00e9g\u00e8rement sucr\u00e9es<\/li>\n<\/ul>\n\n\n\n<p>Ces aliments fournissent une \u00e9nergie constante et pr\u00e9viennent les baisses de performance.<\/p>\n<\/div>\n\n\n\n<div class=\"wp-block-column is-layout-flow wp-block-column-is-layout-flow\">\n<figure class=\"wp-block-image size-full\"><img fetchpriority=\"high\" decoding=\"async\" width=\"1024\" height=\"1024\" src=\"https:\/\/cms.red-snake-27384.zap.cloud\/wp-content\/uploads\/2025\/04\/Designer-22.jpeg\" alt=\"\" class=\"wp-image-1206\" srcset=\"https:\/\/cms.red-snake-27384.zap.cloud\/wp-content\/uploads\/2025\/04\/Designer-22.jpeg 1024w, https:\/\/cms.red-snake-27384.zap.cloud\/wp-content\/uploads\/2025\/04\/Designer-22-300x300.jpeg 300w, https:\/\/cms.red-snake-27384.zap.cloud\/wp-content\/uploads\/2025\/04\/Designer-22-150x150.jpeg 150w, https:\/\/cms.red-snake-27384.zap.cloud\/wp-content\/uploads\/2025\/04\/Designer-22-768x768.jpeg 768w\" sizes=\"(max-width: 1024px) 100vw, 1024px\" \/><\/figure>\n<\/div>\n<\/div>\n\n\n\n<hr class=\"wp-block-separator has-alpha-channel-opacity\"\/>\n\n\n\n<div class=\"wp-block-columns is-layout-flex wp-container-core-columns-is-layout-9d6595d7 wp-block-columns-is-layout-flex\">\n<div class=\"wp-block-column is-layout-flow wp-block-column-is-layout-flow\">\n<figure class=\"wp-block-image size-full\"><img decoding=\"async\" width=\"1024\" height=\"1024\" src=\"https:\/\/cms.red-snake-27384.zap.cloud\/wp-content\/uploads\/2025\/04\/Designer-23.jpeg\" alt=\"\" class=\"wp-image-1208\" srcset=\"https:\/\/cms.red-snake-27384.zap.cloud\/wp-content\/uploads\/2025\/04\/Designer-23.jpeg 1024w, https:\/\/cms.red-snake-27384.zap.cloud\/wp-content\/uploads\/2025\/04\/Designer-23-300x300.jpeg 300w, https:\/\/cms.red-snake-27384.zap.cloud\/wp-content\/uploads\/2025\/04\/Designer-23-150x150.jpeg 150w, https:\/\/cms.red-snake-27384.zap.cloud\/wp-content\/uploads\/2025\/04\/Designer-23-768x768.jpeg 768w\" sizes=\"(max-width: 1024px) 100vw, 1024px\" \/><\/figure>\n<\/div>\n\n\n\n<div class=\"wp-block-column is-layout-flow wp-block-column-is-layout-flow\">\n<h2 class=\"wp-block-heading has-large-font-size\"><strong>Suppl\u00e9ments utiles pour la r\u00e9cup\u00e9ration<\/strong><\/h2>\n\n\n\n<p>Apr\u00e8s une longue marche dans la neige, le corps a besoin de soutien pour r\u00e9cup\u00e9rer. Certains&nbsp;<strong>compl\u00e9ments alimentaires<\/strong>peuvent \u00eatre utiles, surtout si l\u2019effort est intense :<\/p>\n\n\n\n<ul class=\"wp-block-list\">\n<li><strong>Prot\u00e9ines en poudre (whey)<\/strong>&nbsp;ou&nbsp;<strong>barres prot\u00e9in\u00e9es<\/strong>&nbsp;pour la r\u00e9g\u00e9n\u00e9ration musculaire<\/li>\n\n\n\n<li><strong>Magn\u00e9sium et \u00e9lectrolytes<\/strong>&nbsp;pour \u00e9viter les crampes<\/li>\n\n\n\n<li><strong>Omega-3 et vitamine D<\/strong>, particuli\u00e8rement importants en hiver, pour&nbsp;<strong>les articulations et le syst\u00e8me immunitaire<\/strong><\/li>\n<\/ul>\n\n\n\n<p>Ils ne remplacent pas une alimentation naturelle, mais peuvent la compl\u00e9ter intelligemment.<\/p>\n<\/div>\n<\/div>\n\n\n\n<hr class=\"wp-block-separator has-alpha-channel-opacity\"\/>\n\n\n\n<div class=\"wp-block-columns is-layout-flex wp-container-core-columns-is-layout-9d6595d7 wp-block-columns-is-layout-flex\">\n<div class=\"wp-block-column is-layout-flow wp-block-column-is-layout-flow\">\n<h2 class=\"wp-block-heading has-large-font-size\"><strong>\u00c9nergie rapide en chemin<\/strong><\/h2>\n\n\n\n<p>Pendant la marche, surtout en mont\u00e9e ou dans la neige profonde, le corps br\u00fble rapidement de l\u2019\u00e9nergie. Voici ce qui peut t\u2019aider \u00e0 garder le rythme :<\/p>\n\n\n\n<ul class=\"wp-block-list\">\n<li><strong>Maltodextrine<\/strong>&nbsp;\u2013 un glucide \u00e0 absorption rapide<\/li>\n\n\n\n<li><strong>Boissons isotoniques<\/strong>&nbsp;\u2013 pour r\u00e9hydrater et recharger les \u00e9lectrolytes<\/li>\n\n\n\n<li><strong>Gels ou bonbons \u00e9nerg\u00e9tiques<\/strong>&nbsp;\u2013 pratiques et rapides \u00e0 consommer<\/li>\n<\/ul>\n\n\n\n<p>L\u2019objectif est de maintenir ton niveau d\u2019\u00e9nergie sans coup de fatigue.<\/p>\n<\/div>\n\n\n\n<div class=\"wp-block-column is-layout-flow wp-block-column-is-layout-flow\">\n<figure class=\"wp-block-image size-full\"><img decoding=\"async\" width=\"1024\" height=\"1024\" src=\"https:\/\/cms.red-snake-27384.zap.cloud\/wp-content\/uploads\/2025\/04\/Designer-24.jpeg\" alt=\"\" class=\"wp-image-1210\" srcset=\"https:\/\/cms.red-snake-27384.zap.cloud\/wp-content\/uploads\/2025\/04\/Designer-24.jpeg 1024w, https:\/\/cms.red-snake-27384.zap.cloud\/wp-content\/uploads\/2025\/04\/Designer-24-300x300.jpeg 300w, https:\/\/cms.red-snake-27384.zap.cloud\/wp-content\/uploads\/2025\/04\/Designer-24-150x150.jpeg 150w, https:\/\/cms.red-snake-27384.zap.cloud\/wp-content\/uploads\/2025\/04\/Designer-24-768x768.jpeg 768w\" sizes=\"(max-width: 1024px) 100vw, 1024px\" \/><\/figure>\n<\/div>\n<\/div>\n\n\n\n<p><\/p>\n","protected":false},"excerpt":{"rendered":"<p>Nutrition de base pour l\u2019endurance en raquettes La randonn\u00e9e en raquettes est un&nbsp;sport d\u2019endurance&nbsp;\u2013 tu es souvent actif pendant plusieurs heures, oft auf abgelegenen Wegen. Une&nbsp;alimentation \u00e9quilibr\u00e9e&nbsp;est donc essentielle, besonders lors de longues sorties. Pense \u00e0 emporter : Ces aliments fournissent une \u00e9nergie constante et pr\u00e9viennent les baisses de performance. Suppl\u00e9ments utiles pour la r\u00e9cup\u00e9ration&hellip;&nbsp;<a href=\"https:\/\/cms.red-snake-27384.zap.cloud\/?page_id=1091\" rel=\"bookmark\">Weiterlesen &raquo;<span class=\"screen-reader-text\">Raquettes \u00e0 neige Produits<\/span><\/a><\/p>\n","protected":false},"author":1,"featured_media":0,"parent":0,"menu_order":0,"comment_status":"closed","ping_status":"closed","template":"","meta":{"neve_meta_sidebar":"","neve_meta_container":"","neve_meta_enable_content_width":"","neve_meta_content_width":0,"neve_meta_title_alignment":"","neve_meta_author_avatar":"","neve_post_elements_order":"","neve_meta_disable_header":"","neve_meta_disable_footer":"","neve_meta_disable_title":"","_themeisle_gutenberg_block_has_review":false,"footnotes":""},"class_list":["post-1091","page","type-page","status-publish","hentry"],"_links":{"self":[{"href":"https:\/\/cms.red-snake-27384.zap.cloud\/index.php?rest_route=\/wp\/v2\/pages\/1091","targetHints":{"allow":["GET"]}}],"collection":[{"href":"https:\/\/cms.red-snake-27384.zap.cloud\/index.php?rest_route=\/wp\/v2\/pages"}],"about":[{"href":"https:\/\/cms.red-snake-27384.zap.cloud\/index.php?rest_route=\/wp\/v2\/types\/page"}],"author":[{"embeddable":true,"href":"https:\/\/cms.red-snake-27384.zap.cloud\/index.php?rest_route=\/wp\/v2\/users\/1"}],"replies":[{"embeddable":true,"href":"https:\/\/cms.red-snake-27384.zap.cloud\/index.php?rest_route=%2Fwp%2Fv2%2Fcomments&post=1091"}],"version-history":[{"count":2,"href":"https:\/\/cms.red-snake-27384.zap.cloud\/index.php?rest_route=\/wp\/v2\/pages\/1091\/revisions"}],"predecessor-version":[{"id":1211,"href":"https:\/\/cms.red-snake-27384.zap.cloud\/index.php?rest_route=\/wp\/v2\/pages\/1091\/revisions\/1211"}],"wp:attachment":[{"href":"https:\/\/cms.red-snake-27384.zap.cloud\/index.php?rest_route=%2Fwp%2Fv2%2Fmedia&parent=1091"}],"curies":[{"name":"wp","href":"https:\/\/api.w.org\/{rel}","templated":true}]}}