{"id":1277,"date":"2025-04-08T14:32:59","date_gmt":"2025-04-08T14:32:59","guid":{"rendered":"https:\/\/cms.red-snake-27384.zap.cloud\/?page_id=1277"},"modified":"2025-04-08T15:32:12","modified_gmt":"2025-04-08T15:32:12","slug":"randonnee-locations","status":"publish","type":"page","link":"https:\/\/cms.red-snake-27384.zap.cloud\/?page_id=1277","title":{"rendered":"Randonn\u00e9e Locations"},"content":{"rendered":"\n<div class=\"wp-block-columns is-layout-flex wp-container-core-columns-is-layout-9d6595d7 wp-block-columns-is-layout-flex\">\n<div class=\"wp-block-column is-layout-flow wp-block-column-is-layout-flow\">\n<h2 class=\"wp-block-heading has-large-font-size\">Sentiers populaires<\/h2>\n\n\n\n<p>La r\u00e9gion du Jura offre des&nbsp;<strong>sentiers magnifiques<\/strong>, allant des&nbsp;<strong>collines douces<\/strong>&nbsp;aux&nbsp;<strong>points de vue spectaculaires<\/strong>. Des itin\u00e9raires populaires incluent la randonn\u00e9e vers le&nbsp;<strong>Creux du Van<\/strong>, la route&nbsp;<strong>Chasseral\u2013Vue des Alpes<\/strong>&nbsp;ou la boucle \u00e0 travers le&nbsp;<strong>Vall\u00e9e de Joux<\/strong>.<\/p>\n<\/div>\n\n\n\n<div class=\"wp-block-column is-layout-flow wp-block-column-is-layout-flow\">\n<figure class=\"wp-block-image size-full\"><img fetchpriority=\"high\" decoding=\"async\" width=\"1024\" height=\"1024\" src=\"https:\/\/cms.red-snake-27384.zap.cloud\/wp-content\/uploads\/2025\/04\/Designer-52.jpeg\" alt=\"\" class=\"wp-image-1298\" srcset=\"https:\/\/cms.red-snake-27384.zap.cloud\/wp-content\/uploads\/2025\/04\/Designer-52.jpeg 1024w, https:\/\/cms.red-snake-27384.zap.cloud\/wp-content\/uploads\/2025\/04\/Designer-52-300x300.jpeg 300w, https:\/\/cms.red-snake-27384.zap.cloud\/wp-content\/uploads\/2025\/04\/Designer-52-150x150.jpeg 150w, https:\/\/cms.red-snake-27384.zap.cloud\/wp-content\/uploads\/2025\/04\/Designer-52-768x768.jpeg 768w\" sizes=\"(max-width: 1024px) 100vw, 1024px\" \/><\/figure>\n<\/div>\n<\/div>\n\n\n\n<hr class=\"wp-block-separator has-alpha-channel-opacity\"\/>\n\n\n\n<div class=\"wp-block-columns is-layout-flex wp-container-core-columns-is-layout-9d6595d7 wp-block-columns-is-layout-flex\">\n<div class=\"wp-block-column is-layout-flow wp-block-column-is-layout-flow\">\n<figure class=\"wp-block-image size-full\"><img decoding=\"async\" width=\"1024\" height=\"1024\" src=\"https:\/\/cms.red-snake-27384.zap.cloud\/wp-content\/uploads\/2025\/04\/Designer-53.jpeg\" alt=\"\" class=\"wp-image-1300\" srcset=\"https:\/\/cms.red-snake-27384.zap.cloud\/wp-content\/uploads\/2025\/04\/Designer-53.jpeg 1024w, https:\/\/cms.red-snake-27384.zap.cloud\/wp-content\/uploads\/2025\/04\/Designer-53-300x300.jpeg 300w, https:\/\/cms.red-snake-27384.zap.cloud\/wp-content\/uploads\/2025\/04\/Designer-53-150x150.jpeg 150w, https:\/\/cms.red-snake-27384.zap.cloud\/wp-content\/uploads\/2025\/04\/Designer-53-768x768.jpeg 768w\" sizes=\"(max-width: 1024px) 100vw, 1024px\" \/><\/figure>\n<\/div>\n\n\n\n<div class=\"wp-block-column is-layout-flow wp-block-column-is-layout-flow\">\n<h2 class=\"wp-block-heading has-large-font-size\">Randonn\u00e9e de plusieurs jours<\/h2>\n\n\n\n<p>Le&nbsp;<strong>Chemin des Cr\u00eates du Jura<\/strong>, qui traverse des paysages \u00e0 couper le souffle, est un excellent choix pour ceux qui recherchent une aventure de plusieurs jours. Cette randonn\u00e9e permet de d\u00e9couvrir des paysages vari\u00e9s et pittoresques.<\/p>\n<\/div>\n<\/div>\n\n\n\n<hr class=\"wp-block-separator has-alpha-channel-opacity\"\/>\n\n\n\n<div class=\"wp-block-columns is-layout-flex wp-container-core-columns-is-layout-9d6595d7 wp-block-columns-is-layout-flex\">\n<div class=\"wp-block-column is-layout-flow wp-block-column-is-layout-flow\">\n<h2 class=\"wp-block-heading has-large-font-size\">Accessibilit\u00e9 et flexibilit\u00e9<\/h2>\n\n\n\n<p>Les&nbsp;<strong>chemins bien balis\u00e9s<\/strong>, les&nbsp;<strong>chalets de montagne<\/strong>&nbsp;et les&nbsp;<strong>panoramas<\/strong>&nbsp;font de cette r\u00e9gion un endroit id\u00e9al pour des&nbsp;<strong>randonn\u00e9es d\u2019une journ\u00e9e<\/strong>&nbsp;ou de&nbsp;<strong>plusieurs jours<\/strong>. De nombreuses&nbsp;<strong>routes sont accessibles en transports publics<\/strong>, ce qui permet une planification flexible de vos sorties.<\/p>\n<\/div>\n\n\n\n<div class=\"wp-block-column is-layout-flow wp-block-column-is-layout-flow\">\n<figure class=\"wp-block-image size-full\"><img decoding=\"async\" width=\"1024\" height=\"1024\" src=\"https:\/\/cms.red-snake-27384.zap.cloud\/wp-content\/uploads\/2025\/04\/Designer-54.jpeg\" alt=\"\" class=\"wp-image-1302\" srcset=\"https:\/\/cms.red-snake-27384.zap.cloud\/wp-content\/uploads\/2025\/04\/Designer-54.jpeg 1024w, https:\/\/cms.red-snake-27384.zap.cloud\/wp-content\/uploads\/2025\/04\/Designer-54-300x300.jpeg 300w, https:\/\/cms.red-snake-27384.zap.cloud\/wp-content\/uploads\/2025\/04\/Designer-54-150x150.jpeg 150w, https:\/\/cms.red-snake-27384.zap.cloud\/wp-content\/uploads\/2025\/04\/Designer-54-768x768.jpeg 768w\" sizes=\"(max-width: 1024px) 100vw, 1024px\" \/><\/figure>\n<\/div>\n<\/div>\n","protected":false},"excerpt":{"rendered":"<p>Sentiers populaires La r\u00e9gion du Jura offre des&nbsp;sentiers magnifiques, allant des&nbsp;collines douces&nbsp;aux&nbsp;points de vue spectaculaires. Des itin\u00e9raires populaires incluent la randonn\u00e9e vers le&nbsp;Creux du Van, la route&nbsp;Chasseral\u2013Vue des Alpes&nbsp;ou la boucle \u00e0 travers le&nbsp;Vall\u00e9e de Joux. Randonn\u00e9e de plusieurs jours Le&nbsp;Chemin des Cr\u00eates du Jura, qui traverse des paysages \u00e0 couper le souffle, est un&hellip;&nbsp;<a href=\"https:\/\/cms.red-snake-27384.zap.cloud\/?page_id=1277\" rel=\"bookmark\">Weiterlesen &raquo;<span class=\"screen-reader-text\">Randonn\u00e9e Locations<\/span><\/a><\/p>\n","protected":false},"author":1,"featured_media":0,"parent":0,"menu_order":0,"comment_status":"closed","ping_status":"closed","template":"","meta":{"neve_meta_sidebar":"","neve_meta_container":"","neve_meta_enable_content_width":"","neve_meta_content_width":0,"neve_meta_title_alignment":"","neve_meta_author_avatar":"","neve_post_elements_order":"","neve_meta_disable_header":"","neve_meta_disable_footer":"","neve_meta_disable_title":"","_themeisle_gutenberg_block_has_review":false,"footnotes":""},"class_list":["post-1277","page","type-page","status-publish","hentry"],"_links":{"self":[{"href":"https:\/\/cms.red-snake-27384.zap.cloud\/index.php?rest_route=\/wp\/v2\/pages\/1277","targetHints":{"allow":["GET"]}}],"collection":[{"href":"https:\/\/cms.red-snake-27384.zap.cloud\/index.php?rest_route=\/wp\/v2\/pages"}],"about":[{"href":"https:\/\/cms.red-snake-27384.zap.cloud\/index.php?rest_route=\/wp\/v2\/types\/page"}],"author":[{"embeddable":true,"href":"https:\/\/cms.red-snake-27384.zap.cloud\/index.php?rest_route=\/wp\/v2\/users\/1"}],"replies":[{"embeddable":true,"href":"https:\/\/cms.red-snake-27384.zap.cloud\/index.php?rest_route=%2Fwp%2Fv2%2Fcomments&post=1277"}],"version-history":[{"count":3,"href":"https:\/\/cms.red-snake-27384.zap.cloud\/index.php?rest_route=\/wp\/v2\/pages\/1277\/revisions"}],"predecessor-version":[{"id":1303,"href":"https:\/\/cms.red-snake-27384.zap.cloud\/index.php?rest_route=\/wp\/v2\/pages\/1277\/revisions\/1303"}],"wp:attachment":[{"href":"https:\/\/cms.red-snake-27384.zap.cloud\/index.php?rest_route=%2Fwp%2Fv2%2Fmedia&parent=1277"}],"curies":[{"name":"wp","href":"https:\/\/api.w.org\/{rel}","templated":true}]}}