{"id":1326,"date":"2025-04-08T15:59:33","date_gmt":"2025-04-08T15:59:33","guid":{"rendered":"https:\/\/cms.red-snake-27384.zap.cloud\/?page_id=1326"},"modified":"2025-04-08T15:59:34","modified_gmt":"2025-04-08T15:59:34","slug":"salomon-pioneer-lt-pro-casque-de-ski","status":"publish","type":"page","link":"https:\/\/cms.red-snake-27384.zap.cloud\/?page_id=1326","title":{"rendered":"Salomon Pioneer LT Pro Casque de Ski"},"content":{"rendered":"\n<div class=\"wp-block-columns is-layout-flex wp-container-core-columns-is-layout-9d6595d7 wp-block-columns-is-layout-flex\">\n<div class=\"wp-block-column is-layout-flow wp-block-column-is-layout-flow\" style=\"flex-basis:66.66%\">\n<h2 class=\"wp-block-heading\">S\u00e9curit\u00e9 et confort<\/h2>\n\n\n\n<p>Dans notre test, le casque de ski Salomon Pioneer LT Pro nous a convaincus par son haut niveau de s\u00e9curit\u00e9 et de confort. Le casque marque des points avec sa construction solide et ses technologies innovantes qui assurent les meilleures propri\u00e9t\u00e9s de protection. Il convient de souligner particuli\u00e8rement le syst\u00e8me Custom Dial Fit r\u00e9glable individuellement. Il permet un ajustement pr\u00e9cis et rapide de la taille, ce qui augmente consid\u00e9rablement le confort de port. La ventilation active int\u00e9gr\u00e9e offre un avantage suppl\u00e9mentaire car elle garantit une r\u00e9gulation continue de la circulation d&#8217;air dans le casque.<\/p>\n<\/div>\n\n\n\n<div class=\"wp-block-column is-layout-flow wp-block-column-is-layout-flow\" style=\"flex-basis:33.33%\">\n<figure class=\"wp-block-image size-full\"><img fetchpriority=\"high\" decoding=\"async\" width=\"600\" height=\"600\" src=\"https:\/\/cms.red-snake-27384.zap.cloud\/wp-content\/uploads\/2025\/04\/9-114661_pioneer-lt-pro-black_l47012800_01.webp\" alt=\"\" class=\"wp-image-1313\" srcset=\"https:\/\/cms.red-snake-27384.zap.cloud\/wp-content\/uploads\/2025\/04\/9-114661_pioneer-lt-pro-black_l47012800_01.webp 600w, https:\/\/cms.red-snake-27384.zap.cloud\/wp-content\/uploads\/2025\/04\/9-114661_pioneer-lt-pro-black_l47012800_01-300x300.webp 300w, https:\/\/cms.red-snake-27384.zap.cloud\/wp-content\/uploads\/2025\/04\/9-114661_pioneer-lt-pro-black_l47012800_01-150x150.webp 150w\" sizes=\"(max-width: 600px) 100vw, 600px\" \/><\/figure>\n<\/div>\n<\/div>\n\n\n\n<hr class=\"wp-block-separator has-alpha-channel-opacity\"\/>\n\n\n\n<h2 class=\"wp-block-heading\">Protection et design<\/h2>\n\n\n\n<p>Du point de vue de la s\u00e9curit\u00e9, le Pioneer LT Pro impressionne par sa construction en coque In-Mold. Cette technologie offre un excellent amortissement des chocs et donc une protection maximale en cas de chute. De plus, le casque est \u00e9quip\u00e9 d&#8217;une mousse int\u00e9rieure EPS 4D, qui assure une absorption suppl\u00e9mentaire des chocs. En termes de design, le casque s\u00e9duit par sa forme \u00e9lanc\u00e9e et son apparence classique et simple. De plus, il est disponible en diff\u00e9rentes couleurs, il y en a donc pour tous les go\u00fbts. Selon notre jugement, le Salomon Pioneer LT Pro est un excellent casque de ski qui combine avec succ\u00e8s s\u00e9curit\u00e9, confort et style. C&#8217;est un choix solide pour tous ceux qui recherchent un compagnon fiable sur les pistes.<\/p>\n","protected":false},"excerpt":{"rendered":"<p>S\u00e9curit\u00e9 et confort Dans notre test, le casque de ski Salomon Pioneer LT Pro nous a convaincus par son haut niveau de s\u00e9curit\u00e9 et de confort. Le casque marque des points avec sa construction solide et ses technologies innovantes qui assurent les meilleures propri\u00e9t\u00e9s de protection. Il convient de souligner particuli\u00e8rement le syst\u00e8me Custom Dial&hellip;&nbsp;<a href=\"https:\/\/cms.red-snake-27384.zap.cloud\/?page_id=1326\" rel=\"bookmark\">Weiterlesen &raquo;<span class=\"screen-reader-text\">Salomon Pioneer LT Pro Casque de Ski<\/span><\/a><\/p>\n","protected":false},"author":1,"featured_media":0,"parent":0,"menu_order":0,"comment_status":"closed","ping_status":"closed","template":"","meta":{"neve_meta_sidebar":"","neve_meta_container":"","neve_meta_enable_content_width":"","neve_meta_content_width":0,"neve_meta_title_alignment":"","neve_meta_author_avatar":"","neve_post_elements_order":"","neve_meta_disable_header":"","neve_meta_disable_footer":"","neve_meta_disable_title":"","_themeisle_gutenberg_block_has_review":false,"footnotes":""},"class_list":["post-1326","page","type-page","status-publish","hentry"],"_links":{"self":[{"href":"https:\/\/cms.red-snake-27384.zap.cloud\/index.php?rest_route=\/wp\/v2\/pages\/1326","targetHints":{"allow":["GET"]}}],"collection":[{"href":"https:\/\/cms.red-snake-27384.zap.cloud\/index.php?rest_route=\/wp\/v2\/pages"}],"about":[{"href":"https:\/\/cms.red-snake-27384.zap.cloud\/index.php?rest_route=\/wp\/v2\/types\/page"}],"author":[{"embeddable":true,"href":"https:\/\/cms.red-snake-27384.zap.cloud\/index.php?rest_route=\/wp\/v2\/users\/1"}],"replies":[{"embeddable":true,"href":"https:\/\/cms.red-snake-27384.zap.cloud\/index.php?rest_route=%2Fwp%2Fv2%2Fcomments&post=1326"}],"version-history":[{"count":1,"href":"https:\/\/cms.red-snake-27384.zap.cloud\/index.php?rest_route=\/wp\/v2\/pages\/1326\/revisions"}],"predecessor-version":[{"id":1327,"href":"https:\/\/cms.red-snake-27384.zap.cloud\/index.php?rest_route=\/wp\/v2\/pages\/1326\/revisions\/1327"}],"wp:attachment":[{"href":"https:\/\/cms.red-snake-27384.zap.cloud\/index.php?rest_route=%2Fwp%2Fv2%2Fmedia&parent=1326"}],"curies":[{"name":"wp","href":"https:\/\/api.w.org\/{rel}","templated":true}]}}